)*(-5)/2 is divided by 16.
14
Suppose 0*x = 2*x - 8, 0 = -3*a - x + 445. Let z be 2/(1 + 178/(-182)). Let k = a - z. Calculate the remainder when k is divided by 19.
18
Let l = 28 + 3. What is the remainder when l is divided by 4/10 - 106/(-10)?
9
Suppose 4*a + 4*f - 168 = 0, -3*f + 0*f + 218 = 5*a. What is the remainder when a is divided by 24?
22
Calculate the remainder when (-200)/(-3) - (-32)/(-48) is divided by 15.
6
Let m(k) = 3*k**2 + 3*k - 3. Suppose -q - 4*q = -30. What is the remainder when m(2) is divided by q?
3
Let r = -4 - -4. Suppose r = 2*c - 6 - 34. What is the remainder when c is divided by 11?
9
Let s = 7 + -15. Calculate the remainder when 11 is divided by (-6)/8 - 54/s.
5
Suppose 73 = 5*k - 17. Calculate the remainder when 35 is divided by k.
17
Let t(o) = o**3 - 5*o**2 + 5*o - 1. Suppose 0*z = 5*z - 20. Calculate the remainder when 9 is divided by t(z).
0
Let x be (-12)/4 - 1/1. Calculate the remainder when (x*1)/((-6)/75) is divided by 26.
24
Suppose 5*d - 6 - 4 = 0. Suppose d*n + 16 = 4*n. Suppose -c - 118 = -5*k - 0*c, -3 = c. Calculate the remainder when k is divided by n.
7
Let t(y) = -2*y + 7. What is the remainder when t(-5) is divided by 1 + -1 + (-18)/(-2)?
8
Let s be (-22)/(-6) - (-3)/9. Let o = s - -4. Calculate the remainder when 30 is divided by o.
6
Suppose 5*w = -4*i + 66, -2*i = -3*i - 2*w + 15. Calculate the remainder when i is divided by 6.
1
Let z be -1*(-2 - (-3)/1). What is the remainder when (150/4 + z)*2 is divided by 19?
16
Let r(o) = o**3 - 16*o**2 - o + 35. What is the remainder when 66 is divided by r(16)?
9
What is the remainder when 3521/49 + (-1)/(-7) is divided by 25?
22
Let r(m) = m - 4. Let d be r(3). Let p = 2 - d. Let c(o) = 2*o**3 - 3*o**2 - 2*o - 3. Calculate the remainder when 35 is divided by c(p).
17
Suppose -2*k + 0*k = -8. Let c(p) = -3*p + 5. Let s be c(-5). Suppose -k = v - s. Calculate the remainder when v is divided by 9.
7
Let u(n) = -n**2 - n. Let a be u(0). Suppose 9*h = 6*h + 15. Suppose h*m - 162 + 42 = a. Calculate the remainder when m is divided by 13.
11
Suppose -3*b + 10 = -b. What is the remainder when b is divided by 2?
1
Let z be ((-12)/(-8))/((-3)/(-20)). Let j = z + 2. Calculate the remainder when j is divided by 7.
5
Calculate the remainder when (-3)/4 - 159/(-4) is divided by 20.
19
Let x(w) = 2*w + 2. Let h(k) = -k**3 - 5*k**2 + 4*k - 8. Let u be h(-6). Let p be x(u). Let i = p - -9. Calculate the remainder when 56 is divided by i.
18
What is the remainder when -98*(-3)/15 - (-4)/10 is divided by 12?
8
Suppose -5*u = -2*f - 39, u + 0*u = -f + 12. Suppose g = 2*g - 17. What is the remainder when g is divided by u?
8
Suppose 2*t - 16 = 46. Calculate the remainder when t is divided by (-16)/(1 - 1 - 1).
15
Suppose 0*s - 292 = 4*s. Let v = 12 - s. What is the remainder when v is divided by 22?
19
Let j(n) = 2*n + 46. What is the remainder when j(14) is divided by 19?
17
Let c = 888 - 869. What is the remainder when c is divided by (0/(-2))/2 + 10?
9
Suppose 0 = 5*x - 127 + 32. Calculate the remainder when 34 is divided by x.
15
Let o = 2 - 6. Let l = 7 + o. Suppose 0*p - 20 = -5*p. What is the remainder when p is divided by l?
1
Let u = -1 - 3. Let v(m) = -11*m - 4. What is the remainder when v(u) is divided by 21?
19
Suppose 0 = -2*p + 4*j + 20, p + j = 4*j + 12. What is the remainder when (27 - p) + (2 - 2) is divided by 12?
9
Suppose 5*j - 212 = -u, -2*j + 0*j + u + 82 = 0. Calculate the remainder when 166 is divided by j.
40
Suppose 3*k + 15 = -0*k - 3*f, -4*k + 5*f - 2 = 0. What is the remainder when 11 is divided by 5 + (2 - (-9)/k)?
3
Let q(g) = 3*g**3. Let l be 4*1 + (1 - 3). Let h = 17 - 4. Calculate the remainder when q(l) is divided by h.
11
Let c = 4 + -2. Suppose 3*s = -c*t + 55, -s + 2*t + 2 = -3. Calculate the remainder when 44 is divided by s.
14
Let i = 23 + -9. Suppose 0*l + 30 = 2*l. Calculate the remainder when 5/l - (-119)/3 is divided by i.
12
Suppose w = 5*j - 4*j - 76, j = 3*w + 72. Calculate the remainder when j is divided by 20.
18
Suppose 5*s - 5*z = 3*s + 39, 0 = -s - 2*z + 33. What is the remainder when s is divided by 14?
13
Let u = 0 + 3. Calculate the remainder when u/(-6)*2 - -17 is divided by 6.
4
Let o = -23 + 42. Suppose -5*y + 241 = -o. Calculate the remainder when y is divided by 18.
16
Suppose 2*z = 6*z - 36. Let k(r) = -r**3 + 2*r**2 + 5*r**2 + 1 + r + z. What is the remainder when 33 is divided by k(7)?
16
Calculate the remainder when 26 is divided by (-2 + 1)*7*-1.
5
Suppose l = 3*l - 118. Calculate the remainder when l is divided by 10.
9
Let d(l) = -l**3 - 6*l**2 + 7*l + 9. Let v(m) = -m**3 + 15*m**2 - 16*m + 21. Let g be v(14). What is the remainder when 34 is divided by d(g)?
7
Let c = 370 - 198. Calculate the remainder when c is divided by 44.
40
Suppose -f + 3*f = 50. Suppose -m + 2 + 7 = 0. What is the remainder when f is divided by m?
7
Let x be (4 - 3)*(-3 + 37). Let b = x + -11. Calculate the remainder when b is divided by 13.
10
Suppose -3*z - 2*y + 35 = -17, 0 = 3*z - 2*y - 56. What is the remainder when z is divided by -4*((-44)/8 - -3)?
8
Suppose -4 = p, 0 = 8*x - 4*x + 5*p + 12. Let c(i) be the second derivative of i**3/6 + 7*i**2/2 + 3*i. Calculate the remainder when c(-5) is divided by x.
0
Let h(j) = 5*j + 23. What is the remainder when h(8) is divided by 35?
28
Let m = -61 - -109. Calculate the remainder when m is divided by 10.
8
Let v = 18 + -7. Calculate the remainder when 20 is divided by v.
9
Let h be (-12)/32*2*-16. Let s = h + -10. What is the remainder when s is divided by 1?
0
Suppose -29 = -2*h + 11. Suppose -3*i = -0*i. Suppose 0 = 5*x - i*x - 290. Calculate the remainder when x is divided by h.
18
Suppose 0 = -2*v + 3*z, 0*v + 13 = 3*v + 2*z. Calculate the remainder when 3 is divided by v.
0
What is the remainder when 14 + (-1 + -3 - -5) is divided by -1 + 1 + 0 + 8?
7
Let b = -20 + 23. What is the remainder when (14/(-6))/((-1)/3) is divided by b?
1
Suppose -5*v - 3*w = -961 + 297, v + 5*w = 146. What is the remainder when v is divided by 19?
17
Let w(l) = -2*l - 1. Let z be w(3). What is the remainder when z + 8 - (-1 + -48) is divided by 17?
16
Let p be (-1 + 2)/(-5 + 4). Calculate the remainder when 1/(p - 384/(-380)) is divided by 24.
23
Let o = 17 - 10. Calculate the remainder when 19 is divided by o.
5
Calculate the remainder when 35 is divided by (-9)/(-12) - (-111)/12.
5
Calculate the remainder when 3 is divided by (-3)/(-1 - (-3)/(-6)).
1
Let h = -8 - -11. Let i = -2 + 4. Suppose 0 = -h*p + 14 - i. Calculate the remainder when 10 is divided by p.
2
Let q be (1 - (-2)/(-2))/(-1). Let c be (q - -2) + (92 - -1). Suppose -8*p = -3*p - c. What is the remainder when 36 is divided by p?
17
Let q(p) = -p**2 - p + 33. Let b be q(0). Suppose -5*w + 303 = b. Calculate the remainder when w is divided by 14.
12
Suppose 2*s - 6*s + 40 = 0. Let q = s - 0. What is the remainder when (31 - 0) + (-2 - 0) is divided by q?
9
Let z = 158 + -79. Suppose 4*u - 62 = 3*i - 0*i, -5*u + 3*i = -z. Let r = -3 + 9. Calculate the remainder when u is divided by r.
5
Let w = -223 - -341. What is the remainder when w is divided by 30?
28
Suppose -2*d - 2*d + 5*w = -35, -6 = 2*w. Suppose b - 2*z - 51 = -d, 5*z = 5*b - 210. Let k(o) = 8*o - 3. What is the remainder when b is divided by k(2)?
12
Suppose c + 3*c = 16. Suppose f - c = 7. What is the remainder when f is divided by 7?
4
Suppose 15 + 17 = 2*n. Let r be (6/9)/(2/(-18)). Let p(c) = -2*c - 3. Calculate the remainder when n is divided by p(r).
7
Let n(g) = -3*g**2 - 5*g + 2. Let b be n(-3). Calculate the remainder when (-15)/b - (-114)/4 is divided by 11.
8
Let m = -29 - -41. Suppose 2*y - 4*o - 32 = 0, 3*o - 2*o - 47 = -2*y. What is the remainder when y is divided by m?
10
Let r(y) = y**2 - y. Let j be r(2). Suppose i = -j*i + 96. Suppose i = l + l. What is the remainder when l is divided by 9?
7
Let a = 4 + -8. Let f = a - -12. What is the remainder when f/12 + 237/9 is divided by 14?
13
Suppose -2*s + 5*m = -5*s + 91, -15 = -3*m. What is the remainder when s is divided by 258/21 - (-2)/(-7)?
10
Suppose -125 = 4*h - 17. Let v = -18 - h. Let b(w) = -w + 14. Calculate the remainder when v is divided by b(9).
4
Suppose 4*n = -f + 6*f - 11, 5*n - 2*f = -1. L